ions digit of 1578276780?
7
What is the units digit of 1392905666?
6
What is the ten thousands digit of 3536844676?
4
What is the ten millions digit of 1040720901?
4
What is the billions digit of 1063226817?
1
What is the ten millions digit of 434598945?
3
What is the hundreds digit of 210238795?
7
What is the millions digit of 67013999?
7
What is the thousands digit of 22421580?
1
What is the hundred millions digit of 422957009?
4
What is the thousands digit of 4853888?
3
What is the hundred thousands digit of 2082078999?
0
What is the millions digit of 627119367?
7
What is the hundred millions digit of 212796528?
2
What is the hundred millions digit of 109657786?
1
What is the millions digit of 47220130?
7
What is the hundred thousands digit of 1084686198?
6
What is the hundreds digit of 105352581?
5
What is the thousands digit of 8087124989?
4
What is the thousands digit of 154495?
4
What is the hundreds digit of 883834018?
0
What is the tens digit of 67779054?
5
What is the units digit of 55553546?
6
What is the units digit of 99767853?
3
What is the hundred millions digit of 731587342?
7
What is the units digit of 530424034?
4
What is the ten millions digit of 1211595206?
1
What is the ten thousands digit of 49072201?
7
What is the hundred thousands digit of 23498944?
4
What is the tens digit of 31046081?
8
What is the tens digit of 643809523?
2
What is the hundred millions digit of 155523680?
1
What is the ten millions digit of 186073658?
8
What is the ten millions digit of 14691699?
1
What is the hundred thousands digit of 28928644?
9
What is the thousands digit of 62589371?
9
What is the hundreds digit of 45713074?
0
What is the thousands digit of 24685636?
5
What is the tens digit of 138053399?
9
What is the ten thousands digit of 5519471242?
7
What is the ten millions digit of 32111406?
3
What is the tens digit of 45994215?
1
What is the hundreds digit of 20563361?
3
What is the ten thousands digit of 1280043334?
4
What is the ten millions digit of 1037320003?
3
What is the hundred millions digit of 1480137001?
4
What is the hundreds digit of 2982844302?
3
What is the hundreds digit of 6149129234?
2
What is the hundred millions digit of 316211566?
3
What is the millions digit of 52413805?
2
What is the hundred millions digit of 153631246?
1
What is the units digit of 3966346132?
2
What is the hundred thousands digit of 6076550?
0
What is the hundred millions digit of 103001696?
1
What is the tens digit of 121835118?
1
What is the thousands digit of 250786783?
6
What is the units digit of 74240345?
5
What is the ten millions digit of 7834249545?
3
What is the hundred millions digit of 137096308?
1
What is the ten thousands digit of 106022078?
2
What is the thousands digit of 3110465899?
5
What is the ten millions digit of 29408318?
2
What is the hundreds digit of 3450316834?
8
What is the thousands digit of 80599933?
9
What is the hundred thousands digit of 3766446472?
4
What is the ten thousands digit of 741142719?
4
What is the hundred millions digit of 193066438?
1
What is the millions digit of 45934552?
5
What is the units digit of 146580736?
6
What is the units digit of 239717579?
9
What is the tens digit of 1369709?
0
What is the millions digit of 82188541?
2
What is the hundreds digit of 1634692706?
7
What is the units digit of 30989978?
8
What is the thousands digit of 86909821?
9
What is the hundred thousands digit of 56742657?
7
What is the ten millions digit of 2017830524?
1
What is the thousands digit of 41599301?
9
What is the hundreds digit of 133853245?
2
What is the millions digit of 1143268591?
3
What is the millions digit of 89435128?
9
What is the millions digit of 5833603170?
3
What is the hundred thousands digit of 32218196?
2
What is the millions digit of 1921977166?
1
What is the hundred millions digit of 480027516?
4
What is the hundred thousands digit of 3578497797?
4
What is the hundred thousands digit of 49771346?
7
What is the hundred thousands digit of 60729198?
7
What is the thousands digit of 558981716?
1
What is the tens digit of 1119826898?
9
What is the billions digit of 1994084034?
1
What is the ten thousands digit of 988254615?
5
What is the hundreds digit of 56141757?
7
What is the thousands digit of 5320417922?
7
What is the ten thousands digit of 5378097708?
9
What is the ten millions digit of 387236240?
8
What is the ten thousands digit of 78674576?
7
What is the hundred millions digit of 1187033115?
1
What is the units digit of 493838747?
7
What is the ten millions digit of 49194878?
4
What is the ten millions digit of 94332117?
9
What is the millions digit of 297035202?
7
What is the hundred millions digit of 3478893480?
4
What is the ten millions digit of 409882322?
0
What is the millions digit of 1057321356?
7
What is the hundreds digit of 1794063695?
6
What is the hundreds digit of 13881617?
6
What is the hundred millions digit of 579370133?
5
What is the ten thousands digit of 75903183?
0
What is the tens digit of 15524310?
1
What is the units digit of 42253673?
3
What is the hundreds digit of 110653920?
9
What is the hundred thousands digit of 26678333?
6
What is the millions digit of 44016045?
4
What is the millions digit of 139683700?
9
What is the ten millions digit of 825243431?
2
What is the ten millions digit of 932930466?
3
What is the hundred thousands digit of 169893854?
8
What is the ten millions digit of 1541222636?
4
What is the millions digit of 307868393?
7
What is the ten millions digit of 1724410230?
2
What is the hundreds digit of 1926952844?
8
What is the tens digit of 719035829?
2
What is the millions digit of 86126653?
6
What is the thousands digit of 8133826?
3
What is the ten millions digit of 90898193?
9
What is the ten thousands digit of 1306912918?
1
What is the billions digit of 2805119184?
2
What is the tens digit of 1617397157?
5
What is the units digit of 140423802?
2
What is the units digit of 7148950753?
3
What is the units digit of 33473563?
3
What is the thousands digit of 4155354783?
4
What is the ten thousands digit of 46971271?
7
What is the millions digit of 8631766?
8
What is the ten millions digit of 46689766?
4
What is the hundreds digit of 125222631?
6
What is the hundred thousands digit of 46687420?
6
What is the ten thousands digit of 399275670?
7
What is the hundred millions digit of 215768019?
2
What is the millions digit of 1226591075?
6
What is the millions digit of 1308242554?
8
What is the tens digit of 2077467835?
3
What is the hundreds digit of 543401238?
2
What is the units digit of 1428836154?
4
What is the hundreds digit of 2101888483?
4
What is the hundred millions digit of 178254578?
1
What is the ten thousands digit of 238081?
3
What is the hundred thousands digit of 36251414?
2
What is the hundreds digit of 1587346541?
5
What is the hundreds digit of 127740437?
4
What is the thousands digit of 341662368?
2
What is the units digit of 120165642?
2
What is the tens digit of 1009194488?
8
What is the tens digit of 779257423?
2
What is the units digit of 139795750?
0
What is the hundred thousands digit of 640153918?
1
What is the hundreds digit of 509360810?
8
What is the tens digit of 50674534?
3
What is the ten thousands digit of 7026478114?
7
What is the tens digit of 247646605?
0
What is the hundred thousands digit of 7417028583?
0
What is the ten thousands digit of 1731310865?
1
What is the ten thousands digit of 367149720?
4
What is the millions digit of 864890199?
4
What is the hundred millions digit of 2515278724?
5
What is the hundred thousands digit of 54470591?
4
What is the ten thousands digit of 11588204?
8
What is the units digit of 355212554?
4
What is the millions digit of 2486528020?
6
What is the millions digit of 183669760?
3
What is the thousands digit of 76564251?
4
What is the hundred millions digit of 106981582?
1
What is the tens digit of 417795689?
8
What is the tens digit of 800604420?
2
What is the tens digit of 944919892?
9
What is the ten millions digit of 152245771?
5
What is the millions digit of 23226213?
3
What is the hundred millions digit of 1386645087?
3
What is the tens digit of 415688945?
4
What is the hundred millions digit of 589709278?
5
What is the thousands digit of 3345466732?
6
What is t